b577
In base 11, what is 2 - 86386?
-86384
In base 7, what is 1 + 241016036?
241016040
In base 16, what is -5925fd - -4?
-5925f9
In base 6, what is -113 - -143214453?
143214340
In base 12, what is -1a071 - 19613?
-37684
In base 8, what is 4426501 - 3?
4426476
In base 13, what is -10bb13a50 + -3?
-10bb13a53
In base 3, what is -200020101 + 1020000?
-122000101
In base 2, what is 101 - -101011000010011111110000?
101011000010011111110101
In base 7, what is 2 + -366265505?
-366265503
In base 12, what is -380738 - -14?
-380724
In base 12, what is 14303a7b5 - 4?
14303a7b1
In base 14, what is 5305a7 + -6b?
53053a
In base 10, what is -5853722 + 5?
-5853717
In base 13, what is 601823 - -4?
601827
In base 11, what is -1013a - -1a100?
9a71
In base 6, what is -11 + -5230452531?
-5230452542
In base 10, what is 18172 - 1687?
16485
In base 15, what is 5 - 380b8e6?
-380b8e1
In base 5, what is 432013022 - 431?
432012041
In base 7, what is 11 - 343143?
-343132
In base 14, what is 20dcdc9 + -4?
20dcdc5
In base 5, what is -1402443 + -120?
-1403113
In base 15, what is -7e - 13ea4?
-14033
In base 8, what is -11540 + -751?
-12511
In base 2, what is 1101000100000101 - -11111001?
1101000111111110
In base 4, what is 33202013 - -30202?
33232221
In base 4, what is -10 - -1101312300013?
1101312300003
In base 8, what is 1702436 - 43?
1702373
In base 8, what is 56 - -54473310?
54473366
In base 3, what is -110000112110000101 + 10?
-110000112110000021
In base 15, what is a + -24994?
-24989
In base 3, what is -122102 + -10202020210?
-10202220012
In base 6, what is 2443 - 2155543?
-2153100
In base 12, what is -683 - 10814?
-11297
In base 9, what is -172730 + -737?
-173567
In base 6, what is 124532 + -31223?
53305
In base 14, what is -2cd1d - 1a?
-2cd39
In base 6, what is 0 - -510213011?
510213011
In base 10, what is 158 - 34348?
-34190
In base 3, what is -120020 + -2100101120?
-2100221210
In base 10, what is 5657074 - 39?
5657035
In base 11, what is -77 - 9023aa?
-902476
In base 5, what is -403 + 4320?
3412
In base 3, what is -11 + -21222202002020011?
-21222202002020022
In base 4, what is 1213233 + -23300002?
-22020103
In base 6, what is -1114 + 11345402?
11344244
In base 6, what is -1 + -113030402?
-113030403
In base 5, what is 2040 - 202230310?
-202223220
In base 3, what is -101010100 - 102221120?
-211001220
In base 14, what is 110894 + -8d?
110805
In base 11, what is -9a + -2185073?
-2185162
In base 9, what is -433 + 527510?
527066
In base 8, what is 5 - 63450732?
-63450725
In base 14, what is -3177 - 9474?
-c60b
In base 4, what is -333321121132 + 3?
-333321121123
In base 7, what is 320 - 26014342?
-26014022
In base 16, what is -530 + -49965?
-49e95
In base 2, what is 1110100 - -1011110100000100?
1011110101111000
In base 6, what is 5224 - -44344?
54012
In base 7, what is 645546 + 26434?
1005313
In base 7, what is 2554240 - -1445?
2556015
In base 8, what is -77303051 - 0?
-77303051
In base 3, what is 10 + -111210110221110221?
-111210110221110211
In base 14, what is -58776 + -199?
-58931
In base 7, what is 3436112142 + -2?
3436112140
In base 9, what is -810 + -15655?
-16565
In base 2, what is 10111001010111010110010010 - 1?
10111001010111010110010001
In base 7, what is -15124 - -341?
-14453
In base 11, what is 2 - 1633948?
-1633946
In base 2, what is -10111111000100110100101 - 101?
-10111111000100110101010
In base 14, what is -7c5ad33 - -5?
-7c5ad2c
In base 14, what is -3d2d7 - -335?
-3cda2
In base 6, what is 1331 + 1014151?
1015522
In base 16, what is -13631a - 7?
-136321
In base 13, what is 378 + 5612?
598a
In base 8, what is 13776 - -44324?
60322
In base 2, what is -110111000110000001 - 100111?
-110111000110101000
In base 11, what is 2 + -1279410?
-1279409
In base 6, what is 435034154 + 5?
435034203
In base 5, what is 1143203 - 100230?
1042423
In base 6, what is -33525 + -55011?
-132540
In base 7, what is 152104255 - -24?
152104312
In base 8, what is 105630 + 15463?
123313
In base 6, what is -40 + 1200552154?
1200552114
In base 8, what is -3203535 - 1?
-3203536
In base 5, what is 24032412133 - 3?
24032412130
In base 2, what is 1011111011110001 + -10010000000000?
1001101011110001
In base 16, what is 737019 - -20?
737039
In base 2, what is -100 - -10101000010111011001010101?
10101000010111011001010001
In base 8, what is 3354 + -22237?
-16663
In base 15, what is -125252d - 5?
-1252533
In base 10, what is -18 - 967438?
-967456
In base 4, what is 220013000 + -223010?
213123330
In base 5, what is -10 - 1214244230202?
-1214244230212
In base 3, what is 1221111002120011 + -2?
1221111002120002
In base 8, what is 4 + 14500273?
14500277
In base 4, what is 102 + 2331001220?
2331001322
In base 12, what is -2 + 168b87?
168b85
In base 8, what is 123226345 + 12?
123226357
In base 4, what is 203302331 - 112?
203302213
In base 4, what is 12123233200 - -202?
12123300002
In base 3, what is -100 - 12022221001?
-12022221101
In base 9, what is 166612642 - 6?
166612635
In base 9, what is 8 - -2421104?
2421113
In base 12, what is 698 + -595?
103
In base 3, what is -1112120 + 1122111100?
1120221210
In base 13, what is 2ca00 - 27?
2c9a6
In base 2, what is -11011 + 10010101001101010111?
10010101001100111100
In base 14, what is -1467 + -4d190?
-50617
In base 3, what is 1102000211 + -200200201?
201100010
In base 11, what is 12233556 + 3?
12233559
In base 2, what is 101 - 10100111100011101100011?
-10100111100011101011110
In base 10, what is -80902 - 37?
-80939
In base 2, what is 100100 - 10010100111110010101?
-10010100111101110001
In base 13, what is 5 + a3c3785?
a3c378a
In base 10, what is -24503 + 126?
-24377
In base 4, what is 233201321 + -130?
233201131
In base 5, what is -123003 - 114131?
-242134
In base 12, what is -2 + -2b41178?
-2b4117a
In base 15, what is 2265e - -509?
22b68
In base 12, what is -3075 + 829a2?
7b929
In base 2, what is 1111010010010111000101100100 + 1?
1111010010010111000101100101
In base 11, what is 4 - 3371713?
-337170a
In base 16, what is 5 - -15abc2f?
15abc34
In base 8, what is 13 - 45034440?
-45034425
In base 3, what is -10 - 1210002200200?
-1210002200210
In base 7, what is -63 + 20251004?
20250611
In base 13, what is 5804306 + 0?
5804306
In base 14, what is 2183 - -2789?
492c
In base 16, what is -14 - 45816?
-4582a
In base 8, what is -114 - -465?
351
In base 8, what is 512 + 404427?
405141
In base 3, what is -10222002001 - -21221?
-10221210010
In base 6, what is 2223503 + -21013?
2202450
In base 8, what is 322460 - -34?
322514
In base 11, what is 4a - -28a28?
28a77
In base 11, what is -1a - 12923601?
-12923620
In base 4, what is -12322 - -210331311?
210312323
In base 2, what is -10100111111111 + -1000001001?
-10110000001000
In base 4, what is -1101010 - -11233222?
10132212
In base 8, what is 2217412 - 464?
2216726
In base 12, what is 3 - -74b45?
74b48
In base 6, what is 32223450032 - -1?
32223450033
In base 14, what is 54ccba - -3?
54ccbd
In base 14, what is -9 - -284011?
284006
In base 13, what is -a + -13b8846?
-13b8853
In base 15, what is -1b4d1e - -10?
-1b4d0e
In base 8, what is -21603 + 136?
-21445
In base 10, what is 999 - -374847?
375846
In base 4, what is 10313 - 12222313?
-12212000
In base 10, what is -1561993 + 4?
-1561989
In base 3, what is 11210110022111021022 - -10?
11210110022111021102
In base 11, what is -55 - -4603a4?
46034a
In base 12, what is 1092217 - 76?
1092161
In base 10, what is 4746 + 263835?
268581
In base 13, what is 2649 + 177b2?
1a12b
In base 2, what is -101101001100100101 - -1001010?
-101101001011011011
In base 8, what is 6 - -6214030?
6214036
In base 6, what is 223 + -2004525?
-2004302
In base 2, what is 11010110001110111000 - -101?
11010110001110111101
In base 4, what is -101303003 - 1302?
-101310311
In base 9, what is 0 + -1757535?
-1757535
In base 15, what is 1554d + -1c6?
15377
In base 13, what is -3ca50 - -26?
-3ca27
In base 7, what is 6406 + 42362?
52101
In base 8, what is -337 - 7321030?
-7321367
In base 7, what is 1036410 - 4534?
1031543
In base 13, what is -1 - -31293?
31292
In base 12, what is -1765 + 73a1?
5838
In base 5, what is 412320432 + -2?
412320430
In base 11, what is 16a730 - 14?
16a717
In base 2, what is -1100001011001 + 100000000101101?
10011111010100
In base 9, what is -8010568 + -2?
-8010571
In base 11, what is 8463 + 26